er?
False
Is 529387 prime?
False
Is 199543 prime?
False
Is 6641 composite?
True
Is 31307 prime?
True
Is 241571 a prime number?
False
Is 101141 prime?
True
Is 95623 a prime number?
False
Is 15131 prime?
True
Is 6947 a prime number?
True
Is 90245 prime?
False
Is 13033 composite?
False
Is 10973 composite?
False
Is 1937 composite?
True
Is 15601 composite?
False
Is 246187 prime?
True
Is 299577 a composite number?
True
Is 68437 a prime number?
True
Is 9767 a prime number?
True
Is 4861 composite?
False
Is 206285 prime?
False
Is 103949 a prime number?
False
Is 11791 composite?
True
Is 21729 prime?
False
Is 38821 composite?
False
Is 121439 prime?
True
Is 20873 composite?
False
Is 21427 a composite number?
True
Is 2608877 prime?
False
Is 24989 a composite number?
False
Is 15107 a composite number?
False
Is 113749 a prime number?
True
Is 1367761 a prime number?
True
Is 1397653 prime?
False
Is 43031 composite?
True
Is 39041 prime?
True
Is 1931 a prime number?
True
Is 57 prime?
False
Is 44399 composite?
True
Is 3386 prime?
False
Is 6737 composite?
False
Is 1253 a composite number?
True
Is 100207 a prime number?
True
Is 896758 a prime number?
False
Is 402107 composite?
False
Is 34319 prime?
True
Is 36509 prime?
False
Is 362839 prime?
False
Is 152869 prime?
False
Is 30337 prime?
False
Is 114193 a composite number?
False
Is 7909 prime?
False
Is 10969 a composite number?
True
Is 9851 prime?
True
Is 116029 a prime number?
False
Is 258565 a composite number?
True
Is 2743 composite?
True
Is 81115 a composite number?
True
Is 4969 a prime number?
True
Is 31601 composite?
False
Is 215794 prime?
False
Is 102149 a prime number?
True
Is 233401 a prime number?
False
Is 1509589 prime?
True
Is 1477 prime?
False
Is 458197 composite?
False
Is 27901 a prime number?
True
Is 16837 prime?
False
Is 222247 a prime number?
True
Is 15427 composite?
False
Is 11801 composite?
False
Is 1210777 composite?
False
Is 70429 composite?
False
Is 40499 composite?
False
Is 6737 a composite number?
False
Is 35863 prime?
True
Is 32827 prime?
False
Is 24243 prime?
False
Is 1193 prime?
True
Is 4356961 composite?
True
Is 27613 prime?
False
Is 1279787 prime?
True
Is 49111 composite?
True
Is 6677 prime?
False
Is 42821 a prime number?
True
Is 215123 a composite number?
False
Is 5147 prime?
True
Is 225961 a prime number?
True
Is 44413 a composite number?
True
Is 9862 a composite number?
True
Is 77201 a prime number?
True
Is 178753 prime?
True
Is 36253 prime?
False
Is 33842 a composite number?
True
Is 54869 a prime number?
True
Is 1121747 a prime number?
False
Is 95647 a prime number?
False
Is 42847 composite?
True
Is 2186 a composite number?
True
Is 9461 a composite number?
False
Is 3898 prime?
False
Is 446 prime?
False
Is 2789 a prime number?
True
Is 301663 a prime number?
False
Is 8263 a prime number?
True
Is 4969 prime?
True
Is 78941 prime?
True
Is 2643 prime?
False
Is 7321 a prime number?
True
Is 791 a prime number?
False
Is 165455 a prime number?
False
Is 403133 prime?
True
Is 21451 prime?
False
Is 3047 a prime number?
False
Is 2876758 prime?
False
Is 5669 composite?
False
Is 74429 prime?
False
Is 50771 composite?
True
Is 7615 a composite number?
True
Is 630101 a prime number?
True
Is 16603 prime?
True
Is 6595 a composite number?
True
Is 4561 a composite number?
False
Is 5137 a composite number?
True
Is 6469 a prime number?
True
Is 112793 a composite number?
True
Is 189226 a composite number?
True
Is 13309 composite?
False
Is 179603 prime?
True
Is 38243 composite?
True
Is 1701529 a composite number?
True
Is 635 a prime number?
False
Is 64957 a composite number?
True
Is 262681 a composite number?
False
Is 57503 composite?
False
Is 115274 a composite number?
True
Is 532897 composite?
True
Is 10037 a prime number?
True
Is 3613 a composite number?
False
Is 21374 prime?
False
Is 769661 composite?
False
Is 215279 a prime number?
True
Is 66587 a prime number?
True
Is 36422 prime?
False
Is 1508579 composite?
False
Is 538117 a prime number?
True
Is 56983 composite?
False
Is 588463 a composite number?
False
Is 1741 a composite number?
False
Is 11329 a composite number?
False
Is 3967 a composite number?
False
Is 29734 composite?
True
Is 43994 a prime number?
False
Is 1726513 a prime number?
True
Is 80331 a composite number?
True
Is 227947 a prime number?
True
Is 9371 a composite number?
False
Is 20209 prime?
False
Is 145907 prime?
False
Is 3643 composite?
False
Is 37751 composite?
True
Is 844534 composite?
True
Is 88961 a prime number?
False
Is 18059 a composite number?
False
Is 103253 composite?
True
Is 381791 composite?
False
Is 1597 prime?
True
Is 94195 a prime number?
False
Is 1079 a prime number?
False
Is 265735 composite?
True
Is 1453267 a composite number?
False
Is 6227 a composite number?
True
Is 140241 composite?
True
Is 3671 a composite number?
False
Is 83 composite?
False
Is 8923 prime?
True
Is 1255 a prime number?
False
Is 7393 a composite number?
False
Is 380483 prime?
True
Is 3163 a composite number?
False
Is 603091 composite?
False
Is 1184207 prime?
True
Is 948323 a composite number?
True
Is 1479991 a prime number?
True
Is 42879 prime?
False
Is 75427 composite?
True
Is 6667 a prime number?
False
Is 10289 prime?
True
Is 13159 prime?
True
Is 824579 composite?
True
Is 972017 a composite number?
False
Is 220283 composite?
True
Is 5141 composite?
True
Is 125243 prime?
True
Is 4835 a composite number?
True
Is 1111 composite?
True
Is 1069 prime?
True
Is 14374 composite?
True
Is 464005 a prime number?
False
Is 3226 prime?
False
Is 255451 a prime number?
False
Is 133067 a composite number?
True
Is 16357 a prime number?
False
Is 2721 a composite number?
True
Is 170047 a composite number?
False
Is 17837 prime?
True
Is 5021 composite?
False
Is 35201 a prime number?
True
Is 565 a prime number?
False
Is 8521 composite?
False
Is 30631 a composite number?
False
Is 4385995 a prime number?
False
Is 22267 a composite number?
True
Is 22226 prime?
False
Is 35267 a composite number?
False
Is 13603 a composite number?
True
Is 11017 composite?
True
Is 159727 prime?
False
Is 184753 a prime number?
True
Is 31967 a composite number?
True
Is 31971 a prime number?
False
Is 288121 a composite number?
True
Is 2119 a composite number?
True
Is 220613 prime?
True
Is 34735 a prime number?
False
Is 43097 composite?
True
Is 49103 composite?
False
Is 757 prime?
True
Is 4559 composite?
True
Is 11029 a prime number?
False
Is 6839 composite?
True
Is 17509 composite?
False
Is 82067 prime?
True
Is 1651 a composite number?
True
Is 37117 a composite number?
False
Is 635 a composite number?
True
Is 85121 a composite number?
False
Is 813797 a composite number?
False
Is 18433 composite?
False
Is 320167 a composite number?
True
Is 782429 a composite number?
False
Is 653143 prime?
True
Is 179134 a prime number?
False
Is 14047 prime?
False
Is 27769 a composite number?
True
Is 701447 a composite number?
False
Is 276869 a composite number?
False
Is 3822034 prime?
False
Is 164323 prime?
False
Is 12391 a composite number?
False
Is 28783 a composite number?
True
Is 45973 a composite number?
True
Is 316487 prime?
False
Is 182773 composite?
False
Is 24233 a prime number?
False
Is 2575277 prime?
True
Is 873383 a composite number?
True
Is 75365 composite?
True
Is 265235 composite?
True
Is 871 composite?
True
Is 17902 a prime number?
False
Is 43111 composite?
True
Is 71249 a composite number?
False
Is 61441 a composite number?
False
Is 50117 prime?
False
Is 105463 prime?
False
Is 8849 prime?
True
Is 1037017 a composite number?
True
Is 106483 a prime number?
False
Is 34823 prime?
False
Is 56081 composite?
False
Is 53693 prime?
True
Is 1084403 prime?
True
Is 29083 a prime number?
False
Is 12471 a composite number?
True
Is 118843 prime?
True
Is 53491 composite?
True
Is 10123 a composite number?
True
Is 50261 a prime number?
True
Is 1275269 a prime number?
True
Is 439 composite?
False
Is 481427 a prime number?
False
Is 96043 a composite number?
False
Is 36829 a prime number?
False
Is 3907 a composite number?
False
Is 219517 a prime number?
True
Is 441143 prime?
False
Is 13931 a composite number?
False
Is 7303 a prime number?
False
Is 5127169 a composite number?
True
Is 19829 a prime number?
False
Is 618797 a composite number?
True
Is 584101 prime?
Fals